{"id":19,"date":"2017-08-08T09:24:39","date_gmt":"2017-08-08T12:24:39","guid":{"rendered":"https:\/\/www.ciddic.unicamp.br\/ciddic\/?page_id=19"},"modified":"2025-01-30T13:45:23","modified_gmt":"2025-01-30T16:45:23","slug":"coral-unicamp-ziper-na-boca","status":"publish","type":"page","link":"https:\/\/www.ciddic.unicamp.br\/ciddic\/coral\/coral-unicamp-ziper-na-boca\/","title":{"rendered":"O Coral Unicamp Z\u00edper na Boca"},"content":{"rendered":"\n<hr class=\"wp-block-separator has-text-color has-alpha-channel-opacity has-background is-style-wide\" style=\"background-color:#ed174c;color:#ed174c\"\/>\n\n\n\n<figure class=\"wp-block-image size-full\"><img loading=\"lazy\" decoding=\"async\" width=\"2048\" height=\"1365\" src=\"https:\/\/www.ciddic.unicamp.br\/ciddic\/wp-content\/uploads\/2024\/09\/ziper-Chapeco-sab.jpg\" alt=\"\" class=\"wp-image-19292\"\/><\/figure>\n\n\n\n<p>O Coral Unicamp Z\u00edper na Boca foi formado em setembro de 1985 com a proposta de reiniciar as atividades do ent\u00e3o extinto Coral Unicamp. Vinculado ao Ciddic: Centro de Integra\u00e7\u00e3o Documenta\u00e7\u00e3o e Difus\u00e3o Cultural, \u00e9 constitu\u00eddo por alunos, funcion\u00e1rios e docentes da Universidade Estadual de Campinas e participantes da comunidade externa. Participa ativamente de festivais de coros, tendo se apresentado presencialmente em 11 estados. Foi premiado em 03 edi\u00e7\u00f5es do Mapa Cultural Paulista (1996, 2012 e 2014) e representou o Brasil no XXVI Festival Internacional de Coros de Galvez (AR). Em 2011, recebeu a Medalha Carlos Gomes da C\u00e2mara Municipal de Campinas, pela relevante atua\u00e7\u00e3o na \u00e1rea art\u00edstica e musical da cidade.<\/p>\n\n\n\n<p>Em 2020-2021 produziu 10 v\u00eddeos em formato Virtual Choir e participou de 30 festivais internacionais online nas diversas regi\u00f5es do Brasil e em pa\u00edses como Argentina, Bol\u00edvia, Chile, Col\u00f4mbia, Equador, M\u00e9xico, Peru, Venezuela e Espanha.<\/p>\n\n\n\n<p>De 2010 a 2019 produziu 10 espet\u00e1culos tem\u00e1ticos coral c\u00eanicos, atua\u00e7\u00e3o retomada em 2022 com a montagem \u201cZ\u00edper 37 anos: De Volta aos Palcos\u201d.<\/p>\n\n\n\n<p>Em 2023, os destaques s\u00e3o o interc\u00e2mbio art\u00edstico-cultural com o Coro da Universidad Nacional de R\u00edo Negro, Argentina, que culminou com realiza\u00e7\u00e3o do \u201cEncuentro Binacional de Coros Universitarios\u201d, reunindo em concerto os dois coros, que se alternaram no palco do Centro Municipal de Cultura de Viedma, capital da prov\u00edncia de R\u00edo Negro, AR. Destaca-se tamb\u00e9m a produ\u00e7\u00e3o do espet\u00e1culo \u201cUma Aquarela no Samba\u201d, com estreia no Teatro Jos\u00e9 de Castro Mendes, em Campinas e a 18\u00aa edi\u00e7\u00e3o do Festival Unicamp de Corais, no Teatro Vit\u00f3ria em Limeira.<\/p>\n\n\n\n<p>Em 2024, prepara a montagem que re\u00fane Choros Cl\u00e1ssicos, Sambas de Martinho da Vila e Can\u00e7\u00f5es de Elvis Presley e a realiza\u00e7\u00e3o do 19\u00ba Festival Unicamp de Corais.<\/p>\n\n\n\n<p><strong>Dire\u00e7\u00e3o Geral e Reg\u00eancia:<\/strong> V\u00edvian Nogueira.<\/p>\n\n\n\n<p><strong>Dire\u00e7\u00e3o C\u00eanica:<\/strong> Lucas Metropolo e Camilla Puertas.<\/p>\n\n\n\n<p><strong>Prepara\u00e7\u00e3o Vocal:<\/strong> Weverton Silva.<\/p>\n\n\n\n<p><strong>Pianista:<\/strong> Hively Ferreira.<\/p>\n\n\n\n<p><strong>Percussionista:<\/strong> Osvaldo Baltazar, V\u00e2nia Monteiro e Silvia Gomes.<\/p>\n","protected":false},"excerpt":{"rendered":"<p>O Coral Unicamp Z\u00edper na Boca foi formado em setembro de 1985 com a proposta de reiniciar as atividades do ent\u00e3o extinto Coral Unicamp. Vinculado ao Ciddic: Centro de Integra\u00e7\u00e3o Documenta\u00e7\u00e3o e Difus\u00e3o Cultural, \u00e9 constitu\u00eddo por alunos, funcion\u00e1rios e docentes da Universidade Estadual de Campinas e participantes da comunidade externa. Participa ativamente de festivais [&hellip;]<\/p>\n","protected":false},"author":1,"featured_media":20,"parent":539,"menu_order":0,"comment_status":"closed","ping_status":"closed","template":"","meta":{"site-sidebar-layout":"default","site-content-layout":"","ast-site-content-layout":"default","site-content-style":"default","site-sidebar-style":"default","ast-global-header-display":"","ast-banner-title-visibility":"","ast-main-header-display":"","ast-hfb-above-header-display":"","ast-hfb-below-header-display":"","ast-hfb-mobile-header-display":"","site-post-title":"disabled","ast-breadcrumbs-content":"","ast-featured-img":"","footer-sml-layout":"","ast-disable-related-posts":"","theme-transparent-header-meta":"","adv-header-id-meta":"","stick-header-meta":"","header-above-stick-meta":"","header-main-stick-meta":"","header-below-stick-meta":"","astra-migrate-meta-layouts":"set","ast-page-background-enabled":"default","ast-page-background-meta":{"desktop":{"background-color":"var(--ast-global-color-4)","background-image":"","background-repeat":"repeat","background-position":"center center","background-size":"auto","background-attachment":"scroll","background-type":"","background-media":"","overlay-type":"","overlay-color":"","overlay-opacity":"","overlay-gradient":""},"tablet":{"background-color":"","background-image":"","background-repeat":"repeat","background-position":"center center","background-size":"auto","background-attachment":"scroll","background-type":"","background-media":"","overlay-type":"","overlay-color":"","overlay-opacity":"","overlay-gradient":""},"mobile":{"background-color":"","background-image":"","background-repeat":"repeat","background-position":"center center","background-size":"auto","background-attachment":"scroll","background-type":"","background-media":"","overlay-type":"","overlay-color":"","overlay-opacity":"","overlay-gradient":""}},"ast-content-background-meta":{"desktop":{"background-color":"var(--ast-global-color-5)","background-image":"","background-repeat":"repeat","background-position":"center center","background-size":"auto","background-attachment":"scroll","background-type":"","background-media":"","overlay-type":"","overlay-color":"","overlay-opacity":"","overlay-gradient":""},"tablet":{"background-color":"var(--ast-global-color-5)","background-image":"","background-repeat":"repeat","background-position":"center center","background-size":"auto","background-attachment":"scroll","background-type":"","background-media":"","overlay-type":"","overlay-color":"","overlay-opacity":"","overlay-gradient":""},"mobile":{"background-color":"var(--ast-global-color-5)","background-image":"","background-repeat":"repeat","background-position":"center center","background-size":"auto","background-attachment":"scroll","background-type":"","background-media":"","overlay-type":"","overlay-color":"","overlay-opacity":"","overlay-gradient":""}},"footnotes":""},"class_list":["post-19","page","type-page","status-publish","has-post-thumbnail","hentry"],"_links":{"self":[{"href":"https:\/\/www.ciddic.unicamp.br\/ciddic\/wp-json\/wp\/v2\/pages\/19","targetHints":{"allow":["GET"]}}],"collection":[{"href":"https:\/\/www.ciddic.unicamp.br\/ciddic\/wp-json\/wp\/v2\/pages"}],"about":[{"href":"https:\/\/www.ciddic.unicamp.br\/ciddic\/wp-json\/wp\/v2\/types\/page"}],"author":[{"embeddable":true,"href":"https:\/\/www.ciddic.unicamp.br\/ciddic\/wp-json\/wp\/v2\/users\/1"}],"replies":[{"embeddable":true,"href":"https:\/\/www.ciddic.unicamp.br\/ciddic\/wp-json\/wp\/v2\/comments?post=19"}],"version-history":[{"count":26,"href":"https:\/\/www.ciddic.unicamp.br\/ciddic\/wp-json\/wp\/v2\/pages\/19\/revisions"}],"predecessor-version":[{"id":19293,"href":"https:\/\/www.ciddic.unicamp.br\/ciddic\/wp-json\/wp\/v2\/pages\/19\/revisions\/19293"}],"up":[{"embeddable":true,"href":"https:\/\/www.ciddic.unicamp.br\/ciddic\/wp-json\/wp\/v2\/pages\/539"}],"wp:featuredmedia":[{"embeddable":true,"href":"https:\/\/www.ciddic.unicamp.br\/ciddic\/wp-json\/wp\/v2\/media\/20"}],"wp:attachment":[{"href":"https:\/\/www.ciddic.unicamp.br\/ciddic\/wp-json\/wp\/v2\/media?parent=19"}],"curies":[{"name":"wp","href":"https:\/\/api.w.org\/{rel}","templated":true}]}}