{"id":4550,"date":"2020-02-14T17:04:39","date_gmt":"2020-02-14T19:04:39","guid":{"rendered":"https:\/\/www.ciddic.unicamp.br\/ciddic\/?page_id=4550"},"modified":"2020-03-31T20:58:41","modified_gmt":"2020-03-31T23:58:41","slug":"semc","status":"publish","type":"page","link":"https:\/\/www.ciddic.unicamp.br\/ciddic\/cdmc\/semc\/","title":{"rendered":"Semanas de M\u00fasica Contempor\u00e2nea &#8211; edi\u00e7\u00e3o 2020"},"content":{"rendered":"<p><em><span style=\"color: #ff0000;\">(este site ser\u00e1 constantemente atualizado. Recomendamos a visita frequente para saber das novidades)<br \/>\n\u00daltima atualiza\u00e7\u00e3o: 31\/03 &#8211; SUSPENS\u00c3O DA CHAMADA E ATIVIDADES PROGRAMADAS<\/span><\/em><\/p>\n<p><a href=\"https:\/\/www.ciddic.unicamp.br\/ciddic\/wp-content\/uploads\/2020\/03\/layoutCiddic-Tue-Mar-31-2020-9_23_56-PM.png\"><img loading=\"lazy\" decoding=\"async\" class=\"alignleft size-large wp-image-4729\" src=\"https:\/\/www.ciddic.unicamp.br\/ciddic\/wp-content\/uploads\/2020\/03\/layoutCiddic-Tue-Mar-31-2020-9_23_56-PM-1024x535.png\" alt=\"\" width=\"750\" height=\"392\" srcset=\"https:\/\/www.ciddic.unicamp.br\/ciddic\/wp-content\/uploads\/2020\/03\/layoutCiddic-Tue-Mar-31-2020-9_23_56-PM-1024x535.png 1024w, https:\/\/www.ciddic.unicamp.br\/ciddic\/wp-content\/uploads\/2020\/03\/layoutCiddic-Tue-Mar-31-2020-9_23_56-PM-300x157.png 300w, https:\/\/www.ciddic.unicamp.br\/ciddic\/wp-content\/uploads\/2020\/03\/layoutCiddic-Tue-Mar-31-2020-9_23_56-PM-768x401.png 768w, https:\/\/www.ciddic.unicamp.br\/ciddic\/wp-content\/uploads\/2020\/03\/layoutCiddic-Tue-Mar-31-2020-9_23_56-PM-1536x803.png 1536w, https:\/\/www.ciddic.unicamp.br\/ciddic\/wp-content\/uploads\/2020\/03\/layoutCiddic-Tue-Mar-31-2020-9_23_56-PM-2048x1070.png 2048w, https:\/\/www.ciddic.unicamp.br\/ciddic\/wp-content\/uploads\/2020\/03\/layoutCiddic-Tue-Mar-31-2020-9_23_56-PM-24x13.png 24w, https:\/\/www.ciddic.unicamp.br\/ciddic\/wp-content\/uploads\/2020\/03\/layoutCiddic-Tue-Mar-31-2020-9_23_56-PM-36x19.png 36w, https:\/\/www.ciddic.unicamp.br\/ciddic\/wp-content\/uploads\/2020\/03\/layoutCiddic-Tue-Mar-31-2020-9_23_56-PM-48x25.png 48w\" sizes=\"auto, (max-width: 750px) 100vw, 750px\" \/><\/a><\/p>\n<p>&nbsp;<\/p>\n<div style=\"clear: both;\"><\/div>\n<p><span style=\"color: #ff6600;\">ATUALIZA\u00c7\u00c3O DA INFORMA\u00c7\u00c3O EM 1\/4\/2020: Est\u00e3o suspensas a chamada de propostas e as a\u00e7\u00f5es previstas para as Semanas de M\u00fasica Contempor\u00e2nea 2020 at\u00e9 que se possa ter uma melhor defini\u00e7\u00e3o do cen\u00e1rio em rela\u00e7\u00e3o ao retorno das atividades presenciais nos campi universit\u00e1rios da Unicamp e da UFMG. As propostas j\u00e1 encaminhadas ser\u00e3o consideradas e n\u00e3o precisar\u00e3o ser reenviadas. Um novo calend\u00e1rio ser\u00e1 definido e divulgado oportunamente.<\/span><\/p>\n<p><span style=\"font-weight: 400;\">As<strong> Semanas de M\u00fasica Contempor\u00e2nea<\/strong> visam promover a m\u00fasica contempor\u00e2nea brasileira, por meio da apresenta\u00e7\u00e3o e estreia da produ\u00e7\u00e3o de compositores vivos e atuantes no cen\u00e1rio art\u00edstico atual, al\u00e9m do interc\u00e2mbio e troca de informa\u00e7\u00f5es entre criadores e p\u00fablico. Nesta edi\u00e7\u00e3o, ocorrer\u00e1 um interc\u00e2mbio art\u00edstico, cultural e cient\u00edfico entre a produ\u00e7\u00e3o musical da Unicamp e da Universidade Federal de Minas Gerais (UFMG).\u00a0<\/span><\/p>\n<h2><strong>Chamada de propostas<\/strong><\/h2>\n<p><span style=\"font-weight: 400;\">A comiss\u00e3o organizadora das Semanas de M\u00fasica Contempor\u00e2nea convida estudantes de todos os n\u00edveis e de qualquer institui\u00e7\u00e3o nacional ou estrangeira para submeterem suas propostas de pe\u00e7as musicais ou projetos composicionais colaborativos. As pe\u00e7as selecionadas ser\u00e3o executadas em 1 dos 2 concertos a serem realizados nas cidades de Campinas-SP e Belo Horizonte-MG no ano de 2020. Os projetos selecionados ser\u00e3o desenvolvidos na cidade de Belo Horizonte-MG no ano de 2020. Voc\u00ea pode acessar o edital da chamada de propostas no link a seguir.<\/span><\/p>\n<p>EDITAL Chamada de propostas &#8211; Semanas de Mu\u0301sica Contempora\u0302nea 2020<\/p>\n<h2>Convidados<\/h2>\n<p>Eric Lamb (flauta) <div class=\"su-custom-gallery su-custom-gallery-align-left su-custom-gallery-title-never su-lightbox-gallery\"><div class=\"su-custom-gallery-slide\" style=\"width:200px;height:200px\"><a href=\"https:\/\/www.ciddic.unicamp.br\/ciddic\/wp-content\/uploads\/2020\/03\/Eric-Lamb-\u00a9-Calvin-Peter-07_0.jpg\" title=\"\"><img loading=\"lazy\" decoding=\"async\" src=\"https:\/\/www.ciddic.unicamp.br\/ciddic\/wp-content\/uploads\/2020\/03\/Eric-Lamb-\u00a9-Calvin-Peter-07_0-200x200.jpg\" alt=\"\" width=\"200\" height=\"200\" \/><\/a><\/div><div class=\"su-clear\"><\/div><\/div>\n<h2>Contato<\/h2>\n<p><span style=\"font-weight: 400;\">Para maiores informa\u00e7\u00f5es ou d\u00favidas sobre o edital, entrar em contato no email <\/span><a href=\"mailto:chamada.semc@gmail.com\" target=\"_blank\" rel=\"noopener noreferrer\"><span style=\"font-weight: 400;\">chamada.semc@gmail.com\u00a0<\/span><\/a><\/p>\n","protected":false},"excerpt":{"rendered":"<p>(este site ser\u00e1 constantemente atualizado. Recomendamos a visita frequente para saber das novidades) \u00daltima atualiza\u00e7\u00e3o: 31\/03 &#8211; SUSPENS\u00c3O DA CHAMADA E ATIVIDADES PROGRAMADAS &nbsp; ATUALIZA\u00c7\u00c3O DA INFORMA\u00c7\u00c3O EM 1\/4\/2020: Est\u00e3o suspensas a chamada de propostas e as a\u00e7\u00f5es previstas para as Semanas de M\u00fasica Contempor\u00e2nea 2020 at\u00e9 que se possa ter uma melhor defini\u00e7\u00e3o do [&hellip;]<\/p>\n","protected":false},"author":6,"featured_media":0,"parent":541,"menu_order":0,"comment_status":"closed","ping_status":"closed","template":"","meta":{"site-sidebar-layout":"default","site-content-layout":"","ast-site-content-layout":"default","site-content-style":"default","site-sidebar-style":"default","ast-global-header-display":"","ast-banner-title-visibility":"","ast-main-header-display":"","ast-hfb-above-header-display":"","ast-hfb-below-header-display":"","ast-hfb-mobile-header-display":"","site-post-title":"","ast-breadcrumbs-content":"","ast-featured-img":"","footer-sml-layout":"","ast-disable-related-posts":"","theme-transparent-header-meta":"","adv-header-id-meta":"","stick-header-meta":"","header-above-stick-meta":"","header-main-stick-meta":"","header-below-stick-meta":"","astra-migrate-meta-layouts":"default","ast-page-background-enabled":"default","ast-page-background-meta":{"desktop":{"background-color":"var(--ast-global-color-4)","background-image":"","background-repeat":"repeat","background-position":"center center","background-size":"auto","background-attachment":"scroll","background-type":"","background-media":"","overlay-type":"","overlay-color":"","overlay-opacity":"","overlay-gradient":""},"tablet":{"background-color":"","background-image":"","background-repeat":"repeat","background-position":"center center","background-size":"auto","background-attachment":"scroll","background-type":"","background-media":"","overlay-type":"","overlay-color":"","overlay-opacity":"","overlay-gradient":""},"mobile":{"background-color":"","background-image":"","background-repeat":"repeat","background-position":"center center","background-size":"auto","background-attachment":"scroll","background-type":"","background-media":"","overlay-type":"","overlay-color":"","overlay-opacity":"","overlay-gradient":""}},"ast-content-background-meta":{"desktop":{"background-color":"var(--ast-global-color-5)","background-image":"","background-repeat":"repeat","background-position":"center center","background-size":"auto","background-attachment":"scroll","background-type":"","background-media":"","overlay-type":"","overlay-color":"","overlay-opacity":"","overlay-gradient":""},"tablet":{"background-color":"var(--ast-global-color-5)","background-image":"","background-repeat":"repeat","background-position":"center center","background-size":"auto","background-attachment":"scroll","background-type":"","background-media":"","overlay-type":"","overlay-color":"","overlay-opacity":"","overlay-gradient":""},"mobile":{"background-color":"var(--ast-global-color-5)","background-image":"","background-repeat":"repeat","background-position":"center center","background-size":"auto","background-attachment":"scroll","background-type":"","background-media":"","overlay-type":"","overlay-color":"","overlay-opacity":"","overlay-gradient":""}},"footnotes":""},"class_list":["post-4550","page","type-page","status-publish","hentry"],"_links":{"self":[{"href":"https:\/\/www.ciddic.unicamp.br\/ciddic\/wp-json\/wp\/v2\/pages\/4550","targetHints":{"allow":["GET"]}}],"collection":[{"href":"https:\/\/www.ciddic.unicamp.br\/ciddic\/wp-json\/wp\/v2\/pages"}],"about":[{"href":"https:\/\/www.ciddic.unicamp.br\/ciddic\/wp-json\/wp\/v2\/types\/page"}],"author":[{"embeddable":true,"href":"https:\/\/www.ciddic.unicamp.br\/ciddic\/wp-json\/wp\/v2\/users\/6"}],"replies":[{"embeddable":true,"href":"https:\/\/www.ciddic.unicamp.br\/ciddic\/wp-json\/wp\/v2\/comments?post=4550"}],"version-history":[{"count":14,"href":"https:\/\/www.ciddic.unicamp.br\/ciddic\/wp-json\/wp\/v2\/pages\/4550\/revisions"}],"predecessor-version":[{"id":4741,"href":"https:\/\/www.ciddic.unicamp.br\/ciddic\/wp-json\/wp\/v2\/pages\/4550\/revisions\/4741"}],"up":[{"embeddable":true,"href":"https:\/\/www.ciddic.unicamp.br\/ciddic\/wp-json\/wp\/v2\/pages\/541"}],"wp:attachment":[{"href":"https:\/\/www.ciddic.unicamp.br\/ciddic\/wp-json\/wp\/v2\/media?parent=4550"}],"curies":[{"name":"wp","href":"https:\/\/api.w.org\/{rel}","templated":true}]}}