{"id":6049,"date":"2021-07-20T14:41:45","date_gmt":"2021-07-20T17:41:45","guid":{"rendered":"https:\/\/www.ciddic.unicamp.br\/ciddic\/?page_id=6049"},"modified":"2025-04-07T09:13:49","modified_gmt":"2025-04-07T12:13:49","slug":"blog","status":"publish","type":"page","link":"https:\/\/www.ciddic.unicamp.br\/ciddic\/osu\/blog\/","title":{"rendered":"Blog OSU"},"content":{"rendered":"\n<hr class=\"wp-block-separator has-text-color has-alpha-channel-opacity has-background is-style-wide\" style=\"background-color:#faa61a;color:#faa61a\"\/>\n\n\n\n<div data-wp-context=\"{}\" data-wp-interactive=\"core\/query\" data-wp-key=\"70\" data-wp-router-region=\"query-70\" class=\"wp-block-query is-layout-flow wp-block-query-is-layout-flow\"><ul class=\"columns-2 modelo_post_loop_grid wp-block-post-template is-layout-grid wp-container-core-post-template-is-layout-02493678 wp-block-post-template-is-layout-grid\"><li data-wp-key=\"post-template-item-30458\" class=\"wp-block-post post-30458 post type-post status-publish format-standard has-post-thumbnail hentry category-blog-osu category-concerto-osu category-noticias-osu category-osu\">\n\n<div class=\"wp-block-columns is-layout-flex wp-container-core-columns-is-layout-28f84493 wp-block-columns-is-layout-flex\">\n<div class=\"wp-block-column is-layout-flow wp-block-column-is-layout-flow\" style=\"padding-top:var(--wp--preset--spacing--30);padding-right:var(--wp--preset--spacing--30);padding-bottom:var(--wp--preset--spacing--30);padding-left:var(--wp--preset--spacing--30)\"><figure style=\"aspect-ratio:4\/3;\" class=\"wp-block-post-featured-image\"><a href=\"https:\/\/www.ciddic.unicamp.br\/ciddic\/osu-de-portas-abertas-inscreva-se-para-a-edicao-de-10-de-abril\/\" target=\"_self\"  ><img loading=\"lazy\" decoding=\"async\" width=\"1080\" height=\"1350\" src=\"https:\/\/www.ciddic.unicamp.br\/ciddic\/wp-content\/uploads\/2026\/03\/OSU-_-10.04.2026-OSU-DE-PORTAS-ABERTAS-FEED-1.jpg\" class=\"attachment-post-thumbnail size-post-thumbnail wp-post-image\" alt=\"\u00a0OSU de Portas Abertas: inscreva-se para a edi\u00e7\u00e3o de 10 de abril\" style=\"width:100%;height:100%;object-fit:contain;\" srcset=\"https:\/\/www.ciddic.unicamp.br\/ciddic\/wp-content\/uploads\/2026\/03\/OSU-_-10.04.2026-OSU-DE-PORTAS-ABERTAS-FEED-1.jpg 1080w, https:\/\/www.ciddic.unicamp.br\/ciddic\/wp-content\/uploads\/2026\/03\/OSU-_-10.04.2026-OSU-DE-PORTAS-ABERTAS-FEED-1-240x300.jpg 240w, https:\/\/www.ciddic.unicamp.br\/ciddic\/wp-content\/uploads\/2026\/03\/OSU-_-10.04.2026-OSU-DE-PORTAS-ABERTAS-FEED-1-819x1024.jpg 819w, https:\/\/www.ciddic.unicamp.br\/ciddic\/wp-content\/uploads\/2026\/03\/OSU-_-10.04.2026-OSU-DE-PORTAS-ABERTAS-FEED-1-768x960.jpg 768w\" sizes=\"auto, (max-width: 1080px) 100vw, 1080px\" \/><\/a><\/figure>\n\n<div class=\"wp-block-post-date has-small-font-size\"><time datetime=\"2026-04-06T15:53:59-03:00\">6 de abril de 2026<\/time><\/div>\n\n<h2 style=\"font-style:normal;font-weight:700;\" class=\"has-text-align-left has-link-color wp-elements-f04b24c90aabecb3959717462e3bc4a0 wp-block-post-title has-text-color has-black-color has-medium-font-size\"><a href=\"https:\/\/www.ciddic.unicamp.br\/ciddic\/osu-de-portas-abertas-inscreva-se-para-a-edicao-de-10-de-abril\/\" target=\"_self\" >\u00a0OSU de Portas Abertas: inscreva-se para a edi\u00e7\u00e3o de 10 de abril<\/a><\/h2>\n\n<div class=\"has-link-color wp-elements-5bc9a8e0a8ccac5755a418a4bfb0374f wp-block-post-excerpt\"><p class=\"wp-block-post-excerpt__excerpt\">Nesta sexta-feira (10\/04), \u00e0s\u00a012h30, temos mais um encontro do\u00a0OSU de Portas Abertas\u00a0na\u00a0Sala Almeida Prado, na Unicamp. \u00c9 uma \u00f3tima oportunidade para conhecer de perto o universo da m\u00fasica sinf\u00f4nica e o trabalho da Orquestra Sinf\u00f4nica da Unicamp. Sob media\u00e7\u00e3o da maestrina Cinthia Alireti, o p\u00fablico vai descobrir curiosidades sobre os instrumentos da orquestra, diferentes sonoridades<\/p><p class=\"wp-block-post-excerpt__more-text\"><a class=\"wp-block-post-excerpt__more-link\" href=\"https:\/\/www.ciddic.unicamp.br\/ciddic\/osu-de-portas-abertas-inscreva-se-para-a-edicao-de-10-de-abril\/\">Saiba mais<\/a><\/p><\/div><\/div>\n<\/div>\n\n<\/li><li data-wp-key=\"post-template-item-30507\" class=\"wp-block-post post-30507 post type-post status-publish format-standard has-post-thumbnail hentry category-blog-osu category-concerto-osu category-noticias-osu category-osu tag-orquestra-sinfonica-da-unicamp tag-osu\">\n\n<div class=\"wp-block-columns is-layout-flex wp-container-core-columns-is-layout-28f84493 wp-block-columns-is-layout-flex\">\n<div class=\"wp-block-column is-layout-flow wp-block-column-is-layout-flow\" style=\"padding-top:var(--wp--preset--spacing--30);padding-right:var(--wp--preset--spacing--30);padding-bottom:var(--wp--preset--spacing--30);padding-left:var(--wp--preset--spacing--30)\"><figure style=\"aspect-ratio:4\/3;\" class=\"wp-block-post-featured-image\"><a href=\"https:\/\/www.ciddic.unicamp.br\/ciddic\/osu-participa-do-espetaculo-elixir-e-seus-amores-dirigido-por-paulo-esper\/\" target=\"_self\"  ><img loading=\"lazy\" decoding=\"async\" width=\"800\" height=\"300\" src=\"https:\/\/www.ciddic.unicamp.br\/ciddic\/wp-content\/uploads\/2026\/03\/800x300.png\" class=\"attachment-post-thumbnail size-post-thumbnail wp-post-image\" alt=\"OSU participa do espet\u00e1culo Elixir e seus Amores dirigido por Paulo Esper\" style=\"width:100%;height:100%;object-fit:contain;\" srcset=\"https:\/\/www.ciddic.unicamp.br\/ciddic\/wp-content\/uploads\/2026\/03\/800x300.png 800w, https:\/\/www.ciddic.unicamp.br\/ciddic\/wp-content\/uploads\/2026\/03\/800x300-300x113.png 300w, https:\/\/www.ciddic.unicamp.br\/ciddic\/wp-content\/uploads\/2026\/03\/800x300-768x288.png 768w\" sizes=\"auto, (max-width: 800px) 100vw, 800px\" \/><\/a><\/figure>\n\n<div class=\"wp-block-post-date has-small-font-size\"><time datetime=\"2026-04-01T14:44:39-03:00\">1 de abril de 2026<\/time><\/div>\n\n<h2 style=\"font-style:normal;font-weight:700;\" class=\"has-text-align-left has-link-color wp-elements-f04b24c90aabecb3959717462e3bc4a0 wp-block-post-title has-text-color has-black-color has-medium-font-size\"><a href=\"https:\/\/www.ciddic.unicamp.br\/ciddic\/osu-participa-do-espetaculo-elixir-e-seus-amores-dirigido-por-paulo-esper\/\" target=\"_self\" >OSU participa do espet\u00e1culo Elixir e seus Amores dirigido por Paulo Esper<\/a><\/h2>\n\n<div class=\"has-link-color wp-elements-5bc9a8e0a8ccac5755a418a4bfb0374f wp-block-post-excerpt\"><p class=\"wp-block-post-excerpt__excerpt\">No dia 16 de abril de 2026, \u00e0s 19h30, o Centro de Conviv\u00eancia Cultural de Campinas receber\u00e1 o espet\u00e1culo \u201cElixir e seus Amores\u201d, como parte da programa\u00e7\u00e3o oficial da 30\u00aa Semana da Comunidade Italiana de Campinas. A apresenta\u00e7\u00e3o \u00e9 promovida pela Accademia Italiana Pellegrini, em parceria com a Kings Special Tours, trazendo ao p\u00fablico campineiro<\/p><p class=\"wp-block-post-excerpt__more-text\"><a class=\"wp-block-post-excerpt__more-link\" href=\"https:\/\/www.ciddic.unicamp.br\/ciddic\/osu-participa-do-espetaculo-elixir-e-seus-amores-dirigido-por-paulo-esper\/\">Saiba mais<\/a><\/p><\/div><\/div>\n<\/div>\n\n<\/li><li data-wp-key=\"post-template-item-30124\" class=\"wp-block-post post-30124 post type-post status-publish format-standard hentry category-blog-ciddic category-blog-osu category-noticias-osu category-osu category-projeto-performance\">\n\n<div class=\"wp-block-columns is-layout-flex wp-container-core-columns-is-layout-28f84493 wp-block-columns-is-layout-flex\">\n<div class=\"wp-block-column is-layout-flow wp-block-column-is-layout-flow\" style=\"padding-top:var(--wp--preset--spacing--30);padding-right:var(--wp--preset--spacing--30);padding-bottom:var(--wp--preset--spacing--30);padding-left:var(--wp--preset--spacing--30)\">\n\n<div class=\"wp-block-post-date has-small-font-size\"><time datetime=\"2026-03-31T00:01:00-03:00\">31 de mar\u00e7o de 2026<\/time><\/div>\n\n<h2 style=\"font-style:normal;font-weight:700;\" class=\"has-text-align-left has-link-color wp-elements-f04b24c90aabecb3959717462e3bc4a0 wp-block-post-title has-text-color has-black-color has-medium-font-size\"><a href=\"https:\/\/www.ciddic.unicamp.br\/ciddic\/projeto-performance-2026\/\" target=\"_self\" >Projeto Performance 2026<\/a><\/h2>\n\n<div class=\"has-link-color wp-elements-5bc9a8e0a8ccac5755a418a4bfb0374f wp-block-post-excerpt\"><p class=\"wp-block-post-excerpt__excerpt\">Lista de aprovados Abertura do Edital do Projeto Performance 2026 O CIDDIC \u2013 Centro de Integra\u00e7\u00e3o, Documenta\u00e7\u00e3o e Difus\u00e3o Cultural da UNICAMP \u2013 e a Orquestra Sinf\u00f4nica da Unicamp lan\u00e7am mais uma edi\u00e7\u00e3o do Projeto Performance (PP), com o objetivo de incentivar a pesquisa musical e produ\u00e7\u00e3o art\u00edstica, nas \u00e1reas de composi\u00e7\u00e3o, musicologia, performance instrumental,<\/p><p class=\"wp-block-post-excerpt__more-text\"><a class=\"wp-block-post-excerpt__more-link\" href=\"https:\/\/www.ciddic.unicamp.br\/ciddic\/projeto-performance-2026\/\">Saiba mais<\/a><\/p><\/div><\/div>\n<\/div>\n\n<\/li><li data-wp-key=\"post-template-item-30446\" class=\"wp-block-post post-30446 post type-post status-publish format-standard has-post-thumbnail hentry category-blog-osu category-concerto-osu category-noticias-osu category-osu\">\n\n<div class=\"wp-block-columns is-layout-flex wp-container-core-columns-is-layout-28f84493 wp-block-columns-is-layout-flex\">\n<div class=\"wp-block-column is-layout-flow wp-block-column-is-layout-flow\" style=\"padding-top:var(--wp--preset--spacing--30);padding-right:var(--wp--preset--spacing--30);padding-bottom:var(--wp--preset--spacing--30);padding-left:var(--wp--preset--spacing--30)\"><figure style=\"aspect-ratio:4\/3;\" class=\"wp-block-post-featured-image\"><a href=\"https:\/\/www.ciddic.unicamp.br\/ciddic\/osu-abre-temporada-2026-com-solista-internacional\/\" target=\"_self\"  ><img loading=\"lazy\" decoding=\"async\" width=\"1080\" height=\"1350\" src=\"https:\/\/www.ciddic.unicamp.br\/ciddic\/wp-content\/uploads\/2026\/03\/OSU-_-26.03-CONCERTO-ABERTURA-FEED.jpg\" class=\"attachment-post-thumbnail size-post-thumbnail wp-post-image\" alt=\"OSU abre temporada 2026 com solista internacional\" style=\"width:100%;height:100%;object-fit:contain;\" srcset=\"https:\/\/www.ciddic.unicamp.br\/ciddic\/wp-content\/uploads\/2026\/03\/OSU-_-26.03-CONCERTO-ABERTURA-FEED.jpg 1080w, https:\/\/www.ciddic.unicamp.br\/ciddic\/wp-content\/uploads\/2026\/03\/OSU-_-26.03-CONCERTO-ABERTURA-FEED-240x300.jpg 240w, https:\/\/www.ciddic.unicamp.br\/ciddic\/wp-content\/uploads\/2026\/03\/OSU-_-26.03-CONCERTO-ABERTURA-FEED-819x1024.jpg 819w, https:\/\/www.ciddic.unicamp.br\/ciddic\/wp-content\/uploads\/2026\/03\/OSU-_-26.03-CONCERTO-ABERTURA-FEED-768x960.jpg 768w\" sizes=\"auto, (max-width: 1080px) 100vw, 1080px\" \/><\/a><\/figure>\n\n<div class=\"wp-block-post-date has-small-font-size\"><time datetime=\"2026-03-16T16:21:55-03:00\">16 de mar\u00e7o de 2026<\/time><\/div>\n\n<h2 style=\"font-style:normal;font-weight:700;\" class=\"has-text-align-left has-link-color wp-elements-f04b24c90aabecb3959717462e3bc4a0 wp-block-post-title has-text-color has-black-color has-medium-font-size\"><a href=\"https:\/\/www.ciddic.unicamp.br\/ciddic\/osu-abre-temporada-2026-com-solista-internacional\/\" target=\"_self\" >OSU abre temporada 2026 com solista internacional<\/a><\/h2>\n\n<div class=\"has-link-color wp-elements-5bc9a8e0a8ccac5755a418a4bfb0374f wp-block-post-excerpt\"><p class=\"wp-block-post-excerpt__excerpt\">A Orquestra Sinf\u00f4nica da Unicamp (OSU) abre sua temporada 2026 com a s\u00e9rie OSU nos Grandes Palcos Paulistas, no pr\u00f3ximo 26 de mar\u00e7o, \u00e0s 19h30, na FCM \u2013 Faculdade de Ci\u00eancias M\u00e9dicas da Unicamp, sob a dire\u00e7\u00e3o de sua regente titular, Cinthia Alireti. Marcando o in\u00edcio de uma programa\u00e7\u00e3o planejada pela pr\u00f3pria OSU em homenagem<\/p><p class=\"wp-block-post-excerpt__more-text\"><a class=\"wp-block-post-excerpt__more-link\" href=\"https:\/\/www.ciddic.unicamp.br\/ciddic\/osu-abre-temporada-2026-com-solista-internacional\/\">Saiba mais<\/a><\/p><\/div><\/div>\n<\/div>\n\n<\/li><li data-wp-key=\"post-template-item-30442\" class=\"wp-block-post post-30442 post type-post status-publish format-standard has-post-thumbnail hentry category-blog-osu category-concerto-osu category-osu\">\n\n<div class=\"wp-block-columns is-layout-flex wp-container-core-columns-is-layout-28f84493 wp-block-columns-is-layout-flex\">\n<div class=\"wp-block-column is-layout-flow wp-block-column-is-layout-flow\" style=\"padding-top:var(--wp--preset--spacing--30);padding-right:var(--wp--preset--spacing--30);padding-bottom:var(--wp--preset--spacing--30);padding-left:var(--wp--preset--spacing--30)\"><figure style=\"aspect-ratio:4\/3;\" class=\"wp-block-post-featured-image\"><a href=\"https:\/\/www.ciddic.unicamp.br\/ciddic\/osu-anuncia-a-temporada-2026-nos-grandes-palcos-paulistas\/\" target=\"_self\"  ><img loading=\"lazy\" decoding=\"async\" width=\"1080\" height=\"1350\" src=\"https:\/\/www.ciddic.unicamp.br\/ciddic\/wp-content\/uploads\/2026\/03\/FEED-5.jpg\" class=\"attachment-post-thumbnail size-post-thumbnail wp-post-image\" alt=\"OSU anuncia a Temporada 2026 nos Grandes Palcos Paulistas\" style=\"width:100%;height:100%;object-fit:contain;\" srcset=\"https:\/\/www.ciddic.unicamp.br\/ciddic\/wp-content\/uploads\/2026\/03\/FEED-5.jpg 1080w, https:\/\/www.ciddic.unicamp.br\/ciddic\/wp-content\/uploads\/2026\/03\/FEED-5-240x300.jpg 240w, https:\/\/www.ciddic.unicamp.br\/ciddic\/wp-content\/uploads\/2026\/03\/FEED-5-819x1024.jpg 819w, https:\/\/www.ciddic.unicamp.br\/ciddic\/wp-content\/uploads\/2026\/03\/FEED-5-768x960.jpg 768w\" sizes=\"auto, (max-width: 1080px) 100vw, 1080px\" \/><\/a><\/figure>\n\n<div class=\"wp-block-post-date has-small-font-size\"><time datetime=\"2026-03-12T09:38:27-03:00\">12 de mar\u00e7o de 2026<\/time><\/div>\n\n<h2 style=\"font-style:normal;font-weight:700;\" class=\"has-text-align-left has-link-color wp-elements-f04b24c90aabecb3959717462e3bc4a0 wp-block-post-title has-text-color has-black-color has-medium-font-size\"><a href=\"https:\/\/www.ciddic.unicamp.br\/ciddic\/osu-anuncia-a-temporada-2026-nos-grandes-palcos-paulistas\/\" target=\"_self\" >OSU anuncia a Temporada 2026 nos Grandes Palcos Paulistas<\/a><\/h2>\n\n<div class=\"has-link-color wp-elements-5bc9a8e0a8ccac5755a418a4bfb0374f wp-block-post-excerpt\"><p class=\"wp-block-post-excerpt__excerpt\">A Orquestra Sinf\u00f4nica da Universidade Estadual de Campinas (OSU) anuncia sua Temporada 2026, uma programa\u00e7\u00e3o especial planejada para celebrar os 60 anos da Universidade, que re\u00fane uma intensa agenda de concertos oficiais, a\u00e7\u00f5es de forma\u00e7\u00e3o de p\u00fablico, projetos acad\u00eamicos e circula\u00e7\u00e3o art\u00edstica pelo estado. Como orquestra profissional vinculada \u00e0 Universidade, a OSU reafirma seu papel<\/p><p class=\"wp-block-post-excerpt__more-text\"><a class=\"wp-block-post-excerpt__more-link\" href=\"https:\/\/www.ciddic.unicamp.br\/ciddic\/osu-anuncia-a-temporada-2026-nos-grandes-palcos-paulistas\/\">Saiba mais<\/a><\/p><\/div><\/div>\n<\/div>\n\n<\/li><li data-wp-key=\"post-template-item-30391\" class=\"wp-block-post post-30391 post type-post status-publish format-standard has-post-thumbnail hentry category-blog-osu category-concerto-osu category-osu tag-orquestra-sinfonica-da-unicamp tag-osu tag-osu-portas-abertas tag-portas-abertas\">\n\n<div class=\"wp-block-columns is-layout-flex wp-container-core-columns-is-layout-28f84493 wp-block-columns-is-layout-flex\">\n<div class=\"wp-block-column is-layout-flow wp-block-column-is-layout-flow\" style=\"padding-top:var(--wp--preset--spacing--30);padding-right:var(--wp--preset--spacing--30);padding-bottom:var(--wp--preset--spacing--30);padding-left:var(--wp--preset--spacing--30)\"><figure style=\"aspect-ratio:4\/3;\" class=\"wp-block-post-featured-image\"><a href=\"https:\/\/www.ciddic.unicamp.br\/ciddic\/osu-portas-abertas-primeira-edicao-de-2026-ocorre-no-proximo-dia-13-de-marco\/\" target=\"_self\"  ><img loading=\"lazy\" decoding=\"async\" width=\"1080\" height=\"1350\" src=\"https:\/\/www.ciddic.unicamp.br\/ciddic\/wp-content\/uploads\/2026\/02\/OSU-_-13.03.2026-OSU-DE-PORTAS-ABERTAS-FEED-1.jpg\" class=\"attachment-post-thumbnail size-post-thumbnail wp-post-image\" alt=\"OSU Portas Abertas: Primeira edi\u00e7\u00e3o de 2026 ocorre no pr\u00f3ximo dia 13 de mar\u00e7o\" style=\"width:100%;height:100%;object-fit:contain;\" srcset=\"https:\/\/www.ciddic.unicamp.br\/ciddic\/wp-content\/uploads\/2026\/02\/OSU-_-13.03.2026-OSU-DE-PORTAS-ABERTAS-FEED-1.jpg 1080w, https:\/\/www.ciddic.unicamp.br\/ciddic\/wp-content\/uploads\/2026\/02\/OSU-_-13.03.2026-OSU-DE-PORTAS-ABERTAS-FEED-1-240x300.jpg 240w, https:\/\/www.ciddic.unicamp.br\/ciddic\/wp-content\/uploads\/2026\/02\/OSU-_-13.03.2026-OSU-DE-PORTAS-ABERTAS-FEED-1-819x1024.jpg 819w, https:\/\/www.ciddic.unicamp.br\/ciddic\/wp-content\/uploads\/2026\/02\/OSU-_-13.03.2026-OSU-DE-PORTAS-ABERTAS-FEED-1-768x960.jpg 768w\" sizes=\"auto, (max-width: 1080px) 100vw, 1080px\" \/><\/a><\/figure>\n\n<div class=\"wp-block-post-date has-small-font-size\"><time datetime=\"2026-03-05T10:47:00-03:00\">5 de mar\u00e7o de 2026<\/time><\/div>\n\n<h2 style=\"font-style:normal;font-weight:700;\" class=\"has-text-align-left has-link-color wp-elements-f04b24c90aabecb3959717462e3bc4a0 wp-block-post-title has-text-color has-black-color has-medium-font-size\"><a href=\"https:\/\/www.ciddic.unicamp.br\/ciddic\/osu-portas-abertas-primeira-edicao-de-2026-ocorre-no-proximo-dia-13-de-marco\/\" target=\"_self\" >OSU Portas Abertas: Primeira edi\u00e7\u00e3o de 2026 ocorre no pr\u00f3ximo dia 13 de mar\u00e7o<\/a><\/h2>\n\n<div class=\"has-link-color wp-elements-5bc9a8e0a8ccac5755a418a4bfb0374f wp-block-post-excerpt\"><p class=\"wp-block-post-excerpt__excerpt\">No dia 13 de mar\u00e7o, \u00e0s 12h30, a Orquestra Sinf\u00f4nica da Unicamp recebe a comunidade acad\u00eamica e externa para mais uma edi\u00e7\u00e3o do Portas Abertas na Sala Almeida Prado. Sob a media\u00e7\u00e3o da maestrina Cinthia Alireti, o p\u00fablico vai descobrir curiosidades sobre os instrumentos, os sons e os bastidores da interpreta\u00e7\u00e3o orquestral. No primeiro Portas<\/p><p class=\"wp-block-post-excerpt__more-text\"><a class=\"wp-block-post-excerpt__more-link\" href=\"https:\/\/www.ciddic.unicamp.br\/ciddic\/osu-portas-abertas-primeira-edicao-de-2026-ocorre-no-proximo-dia-13-de-marco\/\">Saiba mais<\/a><\/p><\/div><\/div>\n<\/div>\n\n<\/li><\/ul>\n\n<nav class=\"has-link-color aligncenter wp-elements-e3cdcc23e96291460ba04531870e08e1 wp-block-query-pagination is-horizontal is-content-justification-center is-layout-flex wp-container-core-query-pagination-is-layout-ecd33c62 wp-block-query-pagination-is-layout-flex\" aria-label=\"Pagina\u00e7\u00e3o\">\n\n\n<div style=\"font-size:16px;\" class=\"wp-block-query-pagination-numbers\"><span data-wp-key=\"index-0\" aria-current=\"page\" class=\"page-numbers current\">1<\/span>\n<a data-wp-key=\"index-1\" data-wp-on--click=\"core\/query::actions.navigate\" class=\"page-numbers\" href=\"?query-70-page=2\">2<\/a>\n<span data-wp-key=\"index-2\" class=\"page-numbers dots\">&hellip;<\/span>\n<a data-wp-key=\"index-3\" data-wp-on--click=\"core\/query::actions.navigate\" class=\"page-numbers\" href=\"?query-70-page=40\">40<\/a><\/div>\n\n<a data-wp-key=\"query-pagination-next\" data-wp-on--click=\"core\/query::actions.navigate\" data-wp-on--mouseenter=\"core\/query::actions.prefetch\" data-wp-watch=\"core\/query::callbacks.prefetch\" href=\"\/ciddic\/wp-json\/wp\/v2\/pages\/6049?query-70-page=2\" style=\"font-size:16px;\" class=\"wp-block-query-pagination-next\">Pr\u00f3xima<span class='wp-block-query-pagination-next-arrow is-arrow-arrow' aria-hidden='true'>\u2192<\/span><\/a>\n<\/nav>\n\n\n<p class=\"has-text-align-center\" style=\"font-size:16px;line-height:1.5\"><a href=\"https:\/\/www.ciddic.unicamp.br\/ciddic\/category\/blog-osu\/\">(Ver todas)<\/a><\/p>\n\n\n<\/div>\n","protected":false},"excerpt":{"rendered":"","protected":false},"author":1,"featured_media":0,"parent":396,"menu_order":0,"comment_status":"closed","ping_status":"closed","template":"","meta":{"site-sidebar-layout":"default","site-content-layout":"","ast-site-content-layout":"default","site-content-style":"default","site-sidebar-style":"default","ast-global-header-display":"","ast-banner-title-visibility":"","ast-main-header-display":"","ast-hfb-above-header-display":"","ast-hfb-below-header-display":"","ast-hfb-mobile-header-display":"","site-post-title":"","ast-breadcrumbs-content":"","ast-featured-img":"","footer-sml-layout":"","ast-disable-related-posts":"","theme-transparent-header-meta":"","adv-header-id-meta":"","stick-header-meta":"","header-above-stick-meta":"","header-main-stick-meta":"","header-below-stick-meta":"","astra-migrate-meta-layouts":"set","ast-page-background-enabled":"default","ast-page-background-meta":{"desktop":{"background-color":"var(--ast-global-color-4)","background-image":"","background-repeat":"repeat","background-position":"center center","background-size":"auto","background-attachment":"scroll","background-type":"","background-media":"","overlay-type":"","overlay-color":"","overlay-opacity":"","overlay-gradient":""},"tablet":{"background-color":"","background-image":"","background-repeat":"repeat","background-position":"center center","background-size":"auto","background-attachment":"scroll","background-type":"","background-media":"","overlay-type":"","overlay-color":"","overlay-opacity":"","overlay-gradient":""},"mobile":{"background-color":"","background-image":"","background-repeat":"repeat","background-position":"center center","background-size":"auto","background-attachment":"scroll","background-type":"","background-media":"","overlay-type":"","overlay-color":"","overlay-opacity":"","overlay-gradient":""}},"ast-content-background-meta":{"desktop":{"background-color":"var(--ast-global-color-5)","background-image":"","background-repeat":"repeat","background-position":"center center","background-size":"auto","background-attachment":"scroll","background-type":"","background-media":"","overlay-type":"","overlay-color":"","overlay-opacity":"","overlay-gradient":""},"tablet":{"background-color":"var(--ast-global-color-5)","background-image":"","background-repeat":"repeat","background-position":"center center","background-size":"auto","background-attachment":"scroll","background-type":"","background-media":"","overlay-type":"","overlay-color":"","overlay-opacity":"","overlay-gradient":""},"mobile":{"background-color":"var(--ast-global-color-5)","background-image":"","background-repeat":"repeat","background-position":"center center","background-size":"auto","background-attachment":"scroll","background-type":"","background-media":"","overlay-type":"","overlay-color":"","overlay-opacity":"","overlay-gradient":""}},"footnotes":""},"class_list":["post-6049","page","type-page","status-publish","hentry"],"_links":{"self":[{"href":"https:\/\/www.ciddic.unicamp.br\/ciddic\/wp-json\/wp\/v2\/pages\/6049","targetHints":{"allow":["GET"]}}],"collection":[{"href":"https:\/\/www.ciddic.unicamp.br\/ciddic\/wp-json\/wp\/v2\/pages"}],"about":[{"href":"https:\/\/www.ciddic.unicamp.br\/ciddic\/wp-json\/wp\/v2\/types\/page"}],"author":[{"embeddable":true,"href":"https:\/\/www.ciddic.unicamp.br\/ciddic\/wp-json\/wp\/v2\/users\/1"}],"replies":[{"embeddable":true,"href":"https:\/\/www.ciddic.unicamp.br\/ciddic\/wp-json\/wp\/v2\/comments?post=6049"}],"version-history":[{"count":55,"href":"https:\/\/www.ciddic.unicamp.br\/ciddic\/wp-json\/wp\/v2\/pages\/6049\/revisions"}],"predecessor-version":[{"id":28572,"href":"https:\/\/www.ciddic.unicamp.br\/ciddic\/wp-json\/wp\/v2\/pages\/6049\/revisions\/28572"}],"up":[{"embeddable":true,"href":"https:\/\/www.ciddic.unicamp.br\/ciddic\/wp-json\/wp\/v2\/pages\/396"}],"wp:attachment":[{"href":"https:\/\/www.ciddic.unicamp.br\/ciddic\/wp-json\/wp\/v2\/media?parent=6049"}],"curies":[{"name":"wp","href":"https:\/\/api.w.org\/{rel}","templated":true}]}}